{"id":408,"date":"2025-12-05T01:17:23","date_gmt":"2025-12-05T01:17:23","guid":{"rendered":"https:\/\/www.reclaimingtheheritage.us\/?page_id=408"},"modified":"2026-01-07T15:09:55","modified_gmt":"2026-01-07T15:09:55","slug":"further-resources-2","status":"publish","type":"page","link":"https:\/\/reclaimingtheheritage.us\/index.php\/further-resources-2\/","title":{"rendered":"Further Resources"},"content":{"rendered":"<div id=\"pl-408\"  class=\"panel-layout\" ><div id=\"pg-408-0\"  class=\"panel-grid panel-no-style\" ><div id=\"pgc-408-0-0\"  class=\"panel-grid-cell\" ><div id=\"panel-408-0-0-0\" class=\"so-panel widget widget_black-studio-tinymce widget_black_studio_tinymce panel-first-child panel-last-child\" data-index=\"0\" ><div class=\"panel-widget-style panel-widget-style-for-408-0-0-0\" ><div class=\"textwidget\"><div style=\"height: 5px;\"><\/div>\n<h2 style=\"text-align: center;\"><strong><span style=\"color: #ffffff;\">Further Resources<\/strong><\/h2>\n<p><\/span><\/p>\n<div style=\"height: 5px;\"><\/div>\n<\/div><\/div><\/div><\/div><\/div><div id=\"pg-408-1\"  class=\"panel-grid panel-no-style\" ><div id=\"pgc-408-1-0\"  class=\"panel-grid-cell\" ><div id=\"panel-408-1-0-0\" class=\"so-panel widget widget_black-studio-tinymce widget_black_studio_tinymce panel-first-child panel-last-child\" data-index=\"1\" ><div class=\"panel-widget-style panel-widget-style-for-408-1-0-0\" ><div class=\"textwidget\"><div id=\"panel-273-1-0-0\" class=\"so-panel widget widget_black-studio-tinymce widget_black_studio_tinymce panel-first-child\" data-index=\"1\" data-style=\"{&quot;padding&quot;:&quot;6px 6px 6px 6px&quot;,&quot;background_image_attachment&quot;:false,&quot;background_display&quot;:&quot;tile&quot;,&quot;background_image_size&quot;:&quot;full&quot;,&quot;background_image_opacity&quot;:&quot;100&quot;,&quot;border_thickness&quot;:&quot;1px&quot;,&quot;border_radius&quot;:&quot;6px 6px 6px 6px&quot;,&quot;box_shadow&quot;:true,&quot;box_shadow_color&quot;:&quot;#1e73be&quot;,&quot;box_shadow_inset&quot;:&quot;&quot;,&quot;box_shadow_offset_horizontal&quot;:&quot;&quot;,&quot;box_shadow_offset_vertical&quot;:&quot;5px&quot;,&quot;box_shadow_blur&quot;:&quot;15px&quot;}\">\n<div class=\"so-rounded panel-widget-style panel-widget-style-for-273-1-0-0\">\n<div class=\"textwidget\">\n<h2><span class=\"standard_text\"><strong>Paper<\/strong><\/span><\/h2>\n<p><span class=\"standard_text\">Grzonka, Michael T. <i> Christian Nationalists in Nazi Germany: Are we having d\u00e9j\u00e0 vu all over again? <\/i> 2025<br \/>\n<span class=\"standard_text\"><a href=\"https:\/\/www.reclaimingtheheritage.us\/wp-content\/uploads\/2026\/01\/Grzonka-Paper-2025.pdf\">Christian Nationalists in Nazi Germany: Are we having d\u00e9j\u00e0 vu all over again? <\/a><\/span><\/p>\n<p><span class=\"standard_text\">Lindberg, Carter.\u00a0<i>White Christian Nationalism.<\/i>\u00a02023<\/span><br \/>\n<span class=\"standard_text\"><a href=\"http:\/\/173.66.73.2:86\/wp-content\/uploads\/2024\/06\/FL-IV-Draft-June-25-2024-Paper-Lindberg-Carter-White-Christian-Nationalism.pdf\">White Christian Nationalism<\/a><\/span><\/p>\n<\/div>\n<\/div>\n<\/div>\n<div id=\"panel-273-1-0-2\" class=\"so-panel widget widget_black-studio-tinymce widget_black_studio_tinymce panel-last-child\" data-index=\"3\" data-style=\"{&quot;padding&quot;:&quot;6px 6px 6px 6px&quot;,&quot;background_image_attachment&quot;:false,&quot;background_display&quot;:&quot;tile&quot;,&quot;background_image_size&quot;:&quot;full&quot;,&quot;background_image_opacity&quot;:&quot;100&quot;,&quot;border_thickness&quot;:&quot;1px&quot;,&quot;border_radius&quot;:&quot;6px 6px 6px 6px&quot;,&quot;box_shadow&quot;:true,&quot;box_shadow_color&quot;:&quot;#1e73be&quot;,&quot;box_shadow_inset&quot;:&quot;&quot;,&quot;box_shadow_offset_vertical&quot;:&quot;5px&quot;,&quot;box_shadow_blur&quot;:&quot;15px&quot;}\">\n<div class=\"so-rounded panel-widget-style panel-widget-style-for-273-1-0-2\">\n<div class=\"textwidget\">\n<p>&nbsp;<\/p>\n<\/div>\n<\/div>\n<\/div>\n<\/div><\/div><\/div><\/div><\/div><div id=\"pg-408-2\"  class=\"panel-grid panel-no-style\" ><div id=\"pgc-408-2-0\"  class=\"panel-grid-cell\" ><div id=\"panel-408-2-0-0\" class=\"so-panel widget widget_black-studio-tinymce widget_black_studio_tinymce panel-first-child panel-last-child\" data-index=\"2\" ><div class=\"panel-widget-style panel-widget-style-for-408-2-0-0\" ><div class=\"textwidget\"><div id=\"panel-273-1-0-0\" class=\"so-panel widget widget_black-studio-tinymce widget_black_studio_tinymce panel-first-child\" data-index=\"1\" data-style=\"{&quot;padding&quot;:&quot;6px 6px 6px 6px&quot;,&quot;background_image_attachment&quot;:false,&quot;background_display&quot;:&quot;tile&quot;,&quot;background_image_size&quot;:&quot;full&quot;,&quot;background_image_opacity&quot;:&quot;100&quot;,&quot;border_thickness&quot;:&quot;1px&quot;,&quot;border_radius&quot;:&quot;6px 6px 6px 6px&quot;,&quot;box_shadow&quot;:true,&quot;box_shadow_color&quot;:&quot;#1e73be&quot;,&quot;box_shadow_inset&quot;:&quot;&quot;,&quot;box_shadow_offset_horizontal&quot;:&quot;&quot;,&quot;box_shadow_offset_vertical&quot;:&quot;5px&quot;,&quot;box_shadow_blur&quot;:&quot;15px&quot;}\">\n<div class=\"so-rounded panel-widget-style panel-widget-style-for-273-1-0-0\">\n<div class=\"textwidget\">\n<h2><strong>Books<\/strong><\/h2>\n<\/div>\n<\/div>\n<\/div>\n<div id=\"panel-273-1-0-1\" class=\"so-panel widget widget_black-studio-tinymce widget_black_studio_tinymce\" data-index=\"2\" data-style=\"{&quot;padding&quot;:&quot;6px 6px 6px 6px&quot;,&quot;background_image_attachment&quot;:false,&quot;background_display&quot;:&quot;tile&quot;,&quot;background_image_size&quot;:&quot;full&quot;,&quot;background_image_opacity&quot;:&quot;100&quot;,&quot;border_thickness&quot;:&quot;1px&quot;,&quot;border_radius&quot;:&quot;6px 6px 6px 6px&quot;,&quot;box_shadow&quot;:true,&quot;box_shadow_color&quot;:&quot;#1e73be&quot;,&quot;box_shadow_inset&quot;:&quot;&quot;,&quot;box_shadow_offset_vertical&quot;:&quot;5px&quot;,&quot;box_shadow_blur&quot;:&quot;15px&quot;}\">\n<div class=\"so-rounded panel-widget-style panel-widget-style-for-273-1-0-1\">\n<div class=\"textwidget\">\n<p><span class=\"standard_text\">Blaker, Kimberly, ed.,\u00a0<i>The Fundamentals of Extremism: The Christian Right in America. New Boston, MI:<\/i>\u00a0New Boston Books, Inc., 2003.<\/span><\/p>\n<p><span class=\"standard_text\">Boyd, Gregory A.,<i>\u00a0The Myth of a Christian Nation: How the Quest for Political Power Is Destroying the Church.<\/i>\u00a0Paperback \u2013 April 29, 2007.<\/span><\/p>\n<p><span class=\"standard_text\">Butler, Anthea D.\u00a0<i>White Evangelical Racism: The Politics of Morality in America.\u00a0<\/i>Chapel Hill, North Carolina: University of North Carolina Press, 2021.<\/span><\/p>\n<p><span class=\"standard_text\">Charles, Mark and Soong-Chan Rah.<i>\u00a0Unsettling Truths: The Ongoing, Dehumanizing Legacy of the Doctrine of Discovery.<\/i>\u00a0Downers Grove: InterVarsity Press, 2019.<\/span><\/p>\n<p><span class=\"standard_text\">Cooper-White, Pamela.<i>\u00a0The Psychology of Christian Nationalism: Why People Are Drawn In and How to Talk Across the Divide.<\/i>\u00a0Minneapolis, Minnesota: 1517 Media, 2022.<\/span><\/p>\n<p><span class=\"standard_text\">Fanestil, John.\u00a0<em> American Heresy:\u00a0 The Roots and Reach of White National Capitalism.\u00a0<\/em> Minneapolis, Minnesota: Fortress Press, 2023.<\/p>\n<p><span class=\"standard_text\">Goldberg, Michelle.\u00a0<i>Kingdom Coming: The Rise of Christian Nationalism.\u00a0<\/i>NY\/London: W. W. Norton &amp; Company, 2006.<\/span><\/p>\n<p><span class=\"standard_text\">Gorski, Philip S., Samuel L. Perry, and Jemar Tisby.<i>\u00a0The Flag and the Cross: White Christian Nationalism and the Threat to American Democracy.<\/i>\u00a0Oxford: Oxford University Press, 2022.<\/span><\/p>\n<p><span class=\"standard_text\">Hendricks, Obery M., Jr.\u00a0<i>Christians Against Christianity: How Right-Wing Evangelicals Are Destroying Our Nation and Our Faith.<\/i>\u00a0Boston: Beacon Press, 2021.<\/span><\/p>\n<p><span class=\"standard_text\">Howe, Ben.<i>\u00a0The Immoral Majority.<\/i>\u00a0Paperback \u2013 July 30, 2020.<\/span><\/p>\n<p><span class=\"standard_text\">Jones, Robert P.<i>\u00a0The Hidden Roots of White Supremacy.<\/i>\u00a0New York, NY: Simon &amp; Schuster, 2023.<\/span><\/p>\n<p><span class=\"standard_text\">Jones, Robert P.<i>\u00a0White Too Long: The Legacy of White Supremacy in American Christianity.<\/i>\u00a0New York. NY: Simon &amp; Schuster, 2020.<\/span><\/p>\n<p><span class=\"standard_text\">Kaylor, Brian and Beau Underwood.\u00a0<i>Baptizing America: How Mainline Protestants Helped Build Christian Nationalism.<\/i>\u00a0Danvers, MA: Chalice Press, 2024.<\/span><\/p>\n<p><span class=\"standard_text\">Kobes Du Mez, Kristin.<i>\u00a0Jesus and John Wayne: How White Evangelicals Corrupted a Faith and Fractured a Nation.\u00a0<\/i>New York, NY: Liveright Publishing Corporation, A Division of W.W. Norton &amp; Company, 2020.<\/span><\/p>\n<p><span class=\"standard_text\">Kruse, Kevin.\u00a0<i>One Nation Under God: How Corporate America Invented Christian America.<\/i>\u00a0New York: Basic Books, 2015.<\/span><\/p>\n<p><span class=\"standard_text\">Paul D. Miller.\u00a0<i>What\u2019s Wrong with Christian Nationalism.\u00a0<\/i>Downers Grove, IL: InterVarsity Press, 2022.<\/span><\/p>\n<p><span class=\"standard_text\">Seidel, Andrew L.\u00a0<i>The Founding Myth: Why Christian Nationalism Is Un-American.<\/i>\u00a0New York: Sterling, 2021.<\/span><\/p>\n<p><span class=\"standard_text\">Stewart, Katherine.<i>\u00a0The Power Worshippers: Inside the Dangerous Rise of Religious Nationalism.<\/i>\u00a0New York: Bloomsbury Publishing, 2022.<\/span><\/p>\n<p><span class=\"standard_text\">Tisby, Jemar.\u00a0<i>The Color of Compromise: The Truth About the American Church\u2019s Complicity in Racism.<\/i>\u00a0Grand Rapids, Michigan: Zondervan, 2019.<\/span><\/p>\n<p><span class=\"standard_text\">Tim, Alberta.\u00a0<i>The Kingdom, the Power, and the Glory: American Evangelicals in an Age of Extremism.<\/i>\u00a0Hardcover \u2013 December 5, 2023.<\/span><\/p>\n<p><span class=\"standard_text\">Tyler, Amanda.\u00a0<i>How to End Christian Nationalism.\u00a0<\/i>Broadleaf Books: To be released in Fall 2024.<\/span><\/p>\n<p><span class=\"standard_text\">Wallis, Jim.<i>\u00a0The False White Gospel.<\/i>\u00a0New York, NY: St Martin\u2019s Publishing Group, 2024.<\/span><\/p>\n<p><span class=\"standard_text\">Whitehead, Andrew L. and Samuel L. Perry.<i>\u00a0Taking America Back for God: Christian Nationalism in the United States.<\/i>\u00a0New York, NY: Oxford University Press, 2020.<\/span><\/p>\n<p><span class=\"standard_text\">Wolfe, Stephen.\u00a0<i>The Case for Christian Nationalism.\u00a0<\/i>Moscow, ID: Canon Press. 2022.<\/span><\/p>\n<\/div>\n<\/div>\n<\/div>\n<div id=\"panel-273-1-0-2\" class=\"so-panel widget widget_black-studio-tinymce widget_black_studio_tinymce panel-last-child\" data-index=\"3\" data-style=\"{&quot;padding&quot;:&quot;6px 6px 6px 6px&quot;,&quot;background_image_attachment&quot;:false,&quot;background_display&quot;:&quot;tile&quot;,&quot;background_image_size&quot;:&quot;full&quot;,&quot;background_image_opacity&quot;:&quot;100&quot;,&quot;border_thickness&quot;:&quot;1px&quot;,&quot;border_radius&quot;:&quot;6px 6px 6px 6px&quot;,&quot;box_shadow&quot;:true,&quot;box_shadow_color&quot;:&quot;#1e73be&quot;,&quot;box_shadow_inset&quot;:&quot;&quot;,&quot;box_shadow_offset_vertical&quot;:&quot;5px&quot;,&quot;box_shadow_blur&quot;:&quot;15px&quot;}\">\n<div class=\"so-rounded panel-widget-style panel-widget-style-for-273-1-0-2\">\n<div class=\"textwidget\">\n<p>&nbsp;<\/p>\n<\/div>\n<\/div>\n<\/div>\n<\/div><\/div><\/div><\/div><\/div><div id=\"pg-408-3\"  class=\"panel-grid panel-no-style\" ><div id=\"pgc-408-3-0\"  class=\"panel-grid-cell\" ><div id=\"panel-408-3-0-0\" class=\"so-panel widget widget_black-studio-tinymce widget_black_studio_tinymce panel-first-child panel-last-child\" data-index=\"3\" ><div class=\"panel-widget-style panel-widget-style-for-408-3-0-0\" ><div class=\"textwidget\"><div id=\"panel-273-1-0-0\" class=\"so-panel widget widget_black-studio-tinymce widget_black_studio_tinymce panel-first-child\" data-index=\"1\" data-style=\"{&quot;padding&quot;:&quot;6px 6px 6px 6px&quot;,&quot;background_image_attachment&quot;:false,&quot;background_display&quot;:&quot;tile&quot;,&quot;background_image_size&quot;:&quot;full&quot;,&quot;background_image_opacity&quot;:&quot;100&quot;,&quot;border_thickness&quot;:&quot;1px&quot;,&quot;border_radius&quot;:&quot;6px 6px 6px 6px&quot;,&quot;box_shadow&quot;:true,&quot;box_shadow_color&quot;:&quot;#1e73be&quot;,&quot;box_shadow_inset&quot;:&quot;&quot;,&quot;box_shadow_offset_horizontal&quot;:&quot;&quot;,&quot;box_shadow_offset_vertical&quot;:&quot;5px&quot;,&quot;box_shadow_blur&quot;:&quot;15px&quot;}\">\n<div class=\"so-rounded panel-widget-style panel-widget-style-for-273-1-0-0\">\n<div class=\"textwidget\"><\/div>\n<\/div>\n<\/div>\n<div id=\"panel-273-1-0-1\" class=\"so-panel widget widget_black-studio-tinymce widget_black_studio_tinymce\" data-index=\"2\" data-style=\"{&quot;padding&quot;:&quot;6px 6px 6px 6px&quot;,&quot;background_image_attachment&quot;:false,&quot;background_display&quot;:&quot;tile&quot;,&quot;background_image_size&quot;:&quot;full&quot;,&quot;background_image_opacity&quot;:&quot;100&quot;,&quot;border_thickness&quot;:&quot;1px&quot;,&quot;border_radius&quot;:&quot;6px 6px 6px 6px&quot;,&quot;box_shadow&quot;:true,&quot;box_shadow_color&quot;:&quot;#1e73be&quot;,&quot;box_shadow_inset&quot;:&quot;&quot;,&quot;box_shadow_offset_vertical&quot;:&quot;5px&quot;,&quot;box_shadow_blur&quot;:&quot;15px&quot;}\">\n<div class=\"so-rounded panel-widget-style panel-widget-style-for-273-1-0-1\">\n<div class=\"textwidget\">\n<h2><strong>Online Resources<\/strong><\/h2>\n<\/div>\n<\/div>\n<\/div>\n<div id=\"panel-273-1-0-2\" class=\"so-panel widget widget_black-studio-tinymce widget_black_studio_tinymce panel-last-child\" data-index=\"3\" data-style=\"{&quot;padding&quot;:&quot;6px 6px 6px 6px&quot;,&quot;background_image_attachment&quot;:false,&quot;background_display&quot;:&quot;tile&quot;,&quot;background_image_size&quot;:&quot;full&quot;,&quot;background_image_opacity&quot;:&quot;100&quot;,&quot;border_thickness&quot;:&quot;1px&quot;,&quot;border_radius&quot;:&quot;6px 6px 6px 6px&quot;,&quot;box_shadow&quot;:true,&quot;box_shadow_color&quot;:&quot;#1e73be&quot;,&quot;box_shadow_inset&quot;:&quot;&quot;,&quot;box_shadow_offset_vertical&quot;:&quot;5px&quot;,&quot;box_shadow_blur&quot;:&quot;15px&quot;}\">\n<div class=\"so-rounded panel-widget-style panel-widget-style-for-273-1-0-2\">\n<div class=\"textwidget\">\n<p><span class=\"standard_text\">Journal of Lutheran Ethics, June\/July 2024 issue. Christian Nationalism<\/span><\/p>\n<p><span class=\"standard_text\"><a href=\"https:\/\/learn.elca.org\/jle\/issue\/june-july-2024-christian-nationalism\/\">\u201chttps:\/\/learn.elca.org\/jle\/issue\/june-july-2024-christian-nationalism\/\u201d<\/a><\/span><\/p>\n<p><span class=\"standard_text\">Baptist Joint Commission (BJC)<\/span><\/p>\n<p><span class=\"standard_text\"><a href=\"https:\/\/bjconline.org\/christian-nationalism\">\u201chttps:\/\/bjconline.org\/christian-nationalism\u201d<\/a><\/span><\/p>\n<p><span class=\"standard_text\">Christians Against Christian Nationalism<\/span><\/p>\n<p><span class=\"standard_text\"><a href=\"https:\/\/www.christiansagainstchristiannationalism.org\/homepage\">\u201chttps:\/\/www.christiansagainstchristiannationalism.org\/homepage\u201d<\/a><\/span><\/p>\n<p><span class=\"standard_text\">ELCA Advocacy. We Are Christians Against Christian Nationalism<\/span><\/p>\n<p><span class=\"standard_text\"><a href=\"https:\/\/download.elca.org\/ELCA%20Resource%20Repository\/wearechristiansagainstchristiannationalism.pdf\">\u201chttps:\/\/download.elca.org\/ELCA%20Resource%20Repository\/wearechristiansagainstchristiannationalism.pdf\u201d<\/a><\/span><\/p>\n<p><span class=\"standard_text\">ELCA. Study Curriculum on Civic Faith and Life<\/span><\/p>\n<p><span class=\"standard_text\"><a href=\"https:\/\/www.elca.org\/civicsandfaithstudy\">\u201c\/\/www.elca.org\/civicsandfaithstudy\u201d<\/a><\/span><\/p>\n<p><span class=\"standard_text\">ELCA. A Declaration of Inter-Religious Commitment<\/span><\/p>\n<p><span class=\"standard_text\"><a href=\"https:\/\/download.elca.org\/ELCA%20Resource%20Repository\/Inter-Religious_Policy_Statement.pdf\">\u201chttps:\/\/download.elca.org\/ELCA%20Resource%20Repository\/Inter-Religious_Policy_Statement.pdf\u201d<\/a><\/span><\/p>\n<p><span class=\"standard_text\">The Church in Society. A Lutheran Perspective<\/span><\/p>\n<p><span class=\"standard_text\"><a href=\"https:\/\/download.elca.org\/ELCA%20Resource%20Repository\/Church_SocietySS.pdf\">\u201chttps:\/\/download.elca.org\/ELCA%20Resource%20Repository\/Church_SocietySS.pdf\u201d<\/a><\/span><\/p>\n<p><span class=\"standard_text\">Video: Why I Am Against Christian Nationalism, August 18, 2023. The Rev. Elizabeth Eaton, Presiding Bishop, ELCA<\/span><\/p>\n<p><span class=\"standard_text\"><a href=\"https:\/\/www.youtube.com\/watch?v=yXEAZUA3JkM\">\u201chttps:\/\/www.youtube.com\/watch?v=yXEAZUA3JkM\u201d<\/a><\/span><\/p>\n<p><span class=\"standard_text\">Video: Resisting and Engaging with Religious Nationalism<br \/>\nSponsored by the Lutheran World Federation (LWF), Evangelical Lutheran Church in America (ELCA), and the Indonesian Consortium for Religious Studies (ICRS), September 2020<\/span><\/p>\n<p><span class=\"standard_text\"><a href=\"https:\/\/lutheranworld.org\/news\/resisting-and-engaging-religious-nationalism\">\u201chttps:\/\/lutheranworld.org\/news\/resisting-and-engaging-religious-nationalism\u201d<\/a><\/span><\/p>\n<p><span class=\"standard_text\">Podcast: Christians Against Christian Nationalism, Podcast Series. BJC Executive Director Amanda Tyler and General Counsel Holly Hollman<\/span><\/p>\n<p><span class=\"standard_text\"><a href=\"https:\/\/www.christiansagainstchristiannationalism.org\/podcasts\">\u201chttps:\/\/www.christiansagainstchristiannationalism.org\/podcasts\u201d<\/a><\/span><\/div>\n<\/div>\n<\/div>\n<\/div><\/div><\/div><\/div><\/div><\/div>","protected":false},"excerpt":{"rendered":"<p>Further Resources Paper Grzonka, Michael T. Christian Nationalists in Nazi Germany: Are we having d\u00e9j\u00e0 vu all over again? 2025 Christian Nationalists in Nazi Germany: Are we having d\u00e9j\u00e0 vu all over again? Lindberg, Carter.\u00a0White Christian Nationalism.\u00a02023 White Christian Nationalism &nbsp;<\/p>\n","protected":false},"author":1,"featured_media":0,"parent":0,"menu_order":0,"comment_status":"closed","ping_status":"closed","template":"","meta":{"_kad_post_transparent":"default","_kad_post_title":"default","_kad_post_layout":"default","_kad_post_sidebar_id":"","_kad_post_content_style":"default","_kad_post_vertical_padding":"default","_kad_post_feature":"","_kad_post_feature_position":"","_kad_post_header":false,"_kad_post_footer":false,"footnotes":""},"class_list":["post-408","page","type-page","status-publish","hentry"],"_links":{"self":[{"href":"https:\/\/reclaimingtheheritage.us\/index.php\/wp-json\/wp\/v2\/pages\/408","targetHints":{"allow":["GET"]}}],"collection":[{"href":"https:\/\/reclaimingtheheritage.us\/index.php\/wp-json\/wp\/v2\/pages"}],"about":[{"href":"https:\/\/reclaimingtheheritage.us\/index.php\/wp-json\/wp\/v2\/types\/page"}],"author":[{"embeddable":true,"href":"https:\/\/reclaimingtheheritage.us\/index.php\/wp-json\/wp\/v2\/users\/1"}],"replies":[{"embeddable":true,"href":"https:\/\/reclaimingtheheritage.us\/index.php\/wp-json\/wp\/v2\/comments?post=408"}],"version-history":[{"count":17,"href":"https:\/\/reclaimingtheheritage.us\/index.php\/wp-json\/wp\/v2\/pages\/408\/revisions"}],"predecessor-version":[{"id":478,"href":"https:\/\/reclaimingtheheritage.us\/index.php\/wp-json\/wp\/v2\/pages\/408\/revisions\/478"}],"wp:attachment":[{"href":"https:\/\/reclaimingtheheritage.us\/index.php\/wp-json\/wp\/v2\/media?parent=408"}],"curies":[{"name":"wp","href":"https:\/\/api.w.org\/{rel}","templated":true}]}}